divisor of 670 and 18730?
10
Calculate the highest common divisor of 1161 and 81.
27
What is the greatest common factor of 29 and 43297?
29
What is the highest common factor of 6889 and 83?
83
What is the greatest common divisor of 1452 and 16577?
121
What is the highest common divisor of 80484 and 5700?
228
Calculate the greatest common factor of 12957 and 368966.
617
What is the greatest common divisor of 68 and 72046?
34
Calculate the highest common factor of 956818 and 2.
2
Calculate the highest common factor of 2389 and 12.
1
Calculate the greatest common divisor of 245379 and 3732.
933
Calculate the greatest common divisor of 1211980 and 55.
55
Calculate the highest common divisor of 87123 and 339.
339
What is the highest common divisor of 4828 and 7922?
34
What is the highest common divisor of 1450 and 11948?
58
What is the greatest common factor of 65 and 2097719?
13
Calculate the greatest common factor of 55350 and 300.
150
Calculate the greatest common factor of 159 and 27187251.
159
Calculate the highest common divisor of 41004 and 3264.
204
Calculate the greatest common divisor of 6 and 9598272.
6
Calculate the highest common factor of 205 and 14514.
41
Calculate the highest common divisor of 32307 and 26967.
267
Calculate the greatest common factor of 2180 and 334630.
1090
Calculate the greatest common factor of 1059006 and 13.
13
What is the greatest common divisor of 756 and 3618?
54
What is the highest common divisor of 161 and 8050?
161
What is the highest common factor of 2912 and 1807?
13
Calculate the greatest common factor of 1127254 and 472.
118
What is the highest common factor of 3844 and 176?
4
What is the highest common factor of 193296 and 48?
48
What is the highest common divisor of 16170 and 80?
10
What is the greatest common divisor of 7709989 and 4137?
1379
Calculate the greatest common factor of 5693800 and 28.
28
Calculate the greatest common divisor of 1102 and 148998.
38
Calculate the greatest common divisor of 2985 and 32238.
597
Calculate the greatest common factor of 457866 and 139.
139
Calculate the greatest common factor of 312 and 23530.
26
What is the highest common divisor of 194 and 22601?
97
What is the highest common divisor of 324 and 82614?
6
What is the highest common factor of 570 and 9443?
19
What is the greatest common divisor of 47 and 983663?
47
Calculate the greatest common factor of 374 and 10642.
34
Calculate the highest common divisor of 24 and 1443656.
8
What is the greatest common factor of 2697 and 13108?
29
What is the greatest common factor of 1045 and 118921?
209
Calculate the highest common factor of 294 and 6321.
147
Calculate the highest common factor of 297 and 2035.
11
Calculate the greatest common divisor of 4642450 and 25.
25
What is the highest common factor of 20993 and 21?
7
What is the highest common divisor of 682 and 23859?
11
Calculate the greatest common divisor of 4107728 and 8.
8
What is the highest common divisor of 47187 and 41409?
963
What is the highest common factor of 88 and 1280?
8
Calculate the greatest common factor of 36590 and 4010.
10
Calculate the highest common factor of 4875 and 2015.
65
What is the highest common factor of 106755 and 330?
165
Calculate the highest common divisor of 7757106 and 28.
14
What is the greatest common divisor of 888928 and 128?
32
Calculate the greatest common divisor of 1287 and 152217.
117
What is the highest common factor of 13294 and 4370?
46
What is the greatest common divisor of 7200 and 1060000?
800
Calculate the highest common divisor of 24 and 292893.
3
What is the greatest common factor of 2057 and 451?
11
Calculate the highest common divisor of 122656 and 32.
32
What is the greatest common divisor of 189 and 28959?
21
What is the highest common divisor of 3753 and 8618?
139
What is the highest common divisor of 162 and 4?
2
What is the greatest common divisor of 35586 and 318?
6
Calculate the highest common factor of 297 and 134112.
33
What is the greatest common divisor of 5550 and 2?
2
What is the greatest common factor of 304 and 85044?
76
Calculate the greatest common factor of 2375 and 77900.
475
Calculate the greatest common divisor of 207 and 12645.
9
Calculate the greatest common divisor of 6574 and 665.
19
Calculate the greatest common divisor of 120 and 108375.
15
Calculate the highest common factor of 75 and 1281575.
25
Calculate the highest common factor of 14 and 1828.
2
What is the highest common factor of 58 and 607318?
58
Calculate the greatest common divisor of 880 and 12.
4
What is the highest common divisor of 3804 and 3384?
12
Calculate the highest common divisor of 479237 and 209.
209
What is the highest common divisor of 1242 and 63710?
46
Calculate the greatest common factor of 654 and 995061.
327
Calculate the greatest common factor of 1120579 and 53.
53
Calculate the greatest common divisor of 252 and 237024.
36
What is the highest common divisor of 217900 and 8?
4
Calculate the highest common factor of 157108 and 84.
28
Calculate the highest common divisor of 78732 and 1404.
108
What is the highest common factor of 405 and 10545?
15
Calculate the highest common factor of 57092 and 11228.
28
What is the greatest common divisor of 296357 and 2714?
59
Calculate the highest common divisor of 114 and 8382.
6
What is the greatest common factor of 6358 and 800734?
374
What is the greatest common factor of 69 and 89?
1
Calculate the highest common factor of 30 and 4485.
15
What is the greatest common divisor of 1221 and 22866?
111
What is the greatest common factor of 178 and 1096747?
89
Calculate the greatest common factor of 231 and 47256.
33
What is the greatest common divisor of 2162 and 1927?
47
What is the greatest common divisor of 102213 and 279?
9
Calculate the highest common factor of 377 and 2668.
29
Calculate the greatest common factor of 44422 and 1358.
14
What is the greatest common factor of 1190016 and 45?
9
What is the highest common factor of 460 and 620?
20
What is the greatest common factor of 21000285 and 45?
45
What is the highest common divisor of 76572 and 216?
108
What is the greatest common divisor of 48768 and 3840?
384
Calculate the highest common divisor of 570 and 615.
15
Calculate the greatest common divisor of 307210 and 1240.
310
Calculate the greatest common factor of 7 and 12817.
7
What is the highest common divisor of 53868 and 402?
402
What is the greatest common divisor of 13233 and 1947?
33
Calculate the greatest common divisor of 82 and 166173.
41
Calculate the greatest common divisor of 82283 and 1070.
107
What is the highest common divisor of 498225 and 30368?
949
Calculate the highest common divisor of 828 and 162012.
276
What is the greatest common factor of 327670 and 1085?
1085
Calculate the greatest common divisor of 95 and 925528.
19
Calculate the highest common factor of 56 and 20888.
56
Calculate the greatest common divisor of 2624 and 28800.
64
What is the highest common factor of 1304 and 130237?
163
Calculate the highest common divisor of 730340 and 260.
260
What is the greatest common factor of 208 and 265616?
208
What is the highest common divisor of 968 and 1136696?
88
What is the greatest common divisor of 12 and 5825964?
12
What is the highest common divisor of 38583 and 36?
9
Calculate the highest common divisor of 15 and 114726.
3
Calculate the greatest common factor of 80 and 150340.
20
What is the highest common factor of 998 and 1173149?
499
Calculate the greatest common divisor of 303 and 1911829.
101
What is the highest common factor of 799708 and 392?
28
Calculate the highest common divisor of 80704 and 388.
388
What is the highest common factor of 560 and 71360?
80
What is the greatest common factor of 1258491 and 156?
39
Calculate the highest common divisor of 806 and 1144.
26
Calculate the greatest common factor of 31369 and 39.
13
What is the highest common divisor of 99 and 388377?
99
Calculate the highest common factor of 298785 and 45.
15
Calculate the greatest common divisor of 29410 and 4862.
34
Calculate the highest common factor of 806 and 1118.
26
What is the greatest common factor of 1044 and 2957?
1
What is the highest common divisor of 3164035 and 35?
35
What is the highest common factor of 8464 and 5520?
368